{"id":24,"date":"2023-06-27T18:59:35","date_gmt":"2023-06-27T21:59:35","guid":{"rendered":"https:\/\/bitzhotel.com.br\/dom-leopoldo\/?page_id=24"},"modified":"2024-10-01T15:10:35","modified_gmt":"2024-10-01T18:10:35","slug":"eventos","status":"publish","type":"page","link":"https:\/\/hoteldomleopoldo.com.br\/?page_id=24","title":{"rendered":"Eventos"},"content":{"rendered":"\t\t<div data-elementor-type=\"wp-page\" data-elementor-id=\"24\" class=\"elementor elementor-24\" data-elementor-post-type=\"page\">\n\t\t\t\t\t\t<section class=\"elementor-section elementor-top-section elementor-element elementor-element-1d2fb3c elementor-section-content-middle elementor-section-boxed elementor-section-height-default elementor-section-height-default\" data-id=\"1d2fb3c\" data-element_type=\"section\" data-e-type=\"section\">\n\t\t\t\t\t\t<div class=\"elementor-container elementor-column-gap-no\">\n\t\t\t\t\t<div class=\"elementor-column elementor-col-33 elementor-top-column elementor-element elementor-element-6f9f50f\" data-id=\"6f9f50f\" data-element_type=\"column\" data-e-type=\"column\">\n\t\t\t<div class=\"elementor-widget-wrap elementor-element-populated\">\n\t\t\t\t\t\t<div class=\"elementor-element elementor-element-b956879 elementor-widget elementor-widget-text-editor\" data-id=\"b956879\" data-element_type=\"widget\" data-e-type=\"widget\" data-widget_type=\"text-editor.default\">\n\t\t\t\t<div class=\"elementor-widget-container\">\n\t\t\t\t\t\t\t\t\t<p>Reuni\u00f5es, palestras, exposi\u00e7\u00f5es<\/p>\t\t\t\t\t\t\t\t<\/div>\n\t\t\t\t<\/div>\n\t\t\t\t<div class=\"elementor-element elementor-element-be9f9ad elementor-widget elementor-widget-heading\" data-id=\"be9f9ad\" data-element_type=\"widget\" data-e-type=\"widget\" data-widget_type=\"heading.default\">\n\t\t\t\t<div class=\"elementor-widget-container\">\n\t\t\t\t\t<h1 class=\"elementor-heading-title elementor-size-default\">Eventos<\/h1>\t\t\t\t<\/div>\n\t\t\t\t<\/div>\n\t\t\t\t<div class=\"elementor-element elementor-element-ecfbb5d elementor-widget-divider--view-line elementor-widget elementor-widget-divider\" data-id=\"ecfbb5d\" data-element_type=\"widget\" data-e-type=\"widget\" data-widget_type=\"divider.default\">\n\t\t\t\t<div class=\"elementor-widget-container\">\n\t\t\t\t\t\t\t<div class=\"elementor-divider\">\n\t\t\t<span class=\"elementor-divider-separator\">\n\t\t\t\t\t\t<\/span>\n\t\t<\/div>\n\t\t\t\t\t\t<\/div>\n\t\t\t\t<\/div>\n\t\t\t\t\t<\/div>\n\t\t<\/div>\n\t\t\t\t<div class=\"elementor-column elementor-col-33 elementor-top-column elementor-element elementor-element-25bfbee\" data-id=\"25bfbee\" data-element_type=\"column\" data-e-type=\"column\">\n\t\t\t<div class=\"elementor-widget-wrap elementor-element-populated\">\n\t\t\t\t\t\t<div class=\"elementor-element elementor-element-628d6f5 elementor-widget elementor-widget-text-editor\" data-id=\"628d6f5\" data-element_type=\"widget\" data-e-type=\"widget\" data-widget_type=\"text-editor.default\">\n\t\t\t\t<div class=\"elementor-widget-container\">\n\t\t\t\t\t\t\t\t\t<p>Confira Alguns Exemplos de organiza\u00e7\u00e3o da Sala<\/p>\t\t\t\t\t\t\t\t<\/div>\n\t\t\t\t<\/div>\n\t\t\t\t<div class=\"elementor-element elementor-element-83ff698 elementor-widget elementor-widget-image\" data-id=\"83ff698\" data-element_type=\"widget\" data-e-type=\"widget\" data-widget_type=\"image.default\">\n\t\t\t\t<div class=\"elementor-widget-container\">\n\t\t\t\t\t\t\t\t\t\t\t\t\t\t\t<img loading=\"lazy\" decoding=\"async\" width=\"570\" height=\"380\" src=\"https:\/\/hoteldomleopoldo.com.br\/wp-content\/uploads\/2024\/09\/IMG-20240904-WA0010.jpg\" class=\"elementor-animation-grow attachment-full size-full wp-image-463\" alt=\"\" srcset=\"https:\/\/hoteldomleopoldo.com.br\/wp-content\/uploads\/2024\/09\/IMG-20240904-WA0010.jpg 570w, https:\/\/hoteldomleopoldo.com.br\/wp-content\/uploads\/2024\/09\/IMG-20240904-WA0010-300x200.jpg 300w\" sizes=\"auto, (max-width: 570px) 100vw, 570px\" \/>\t\t\t\t\t\t\t\t\t\t\t\t\t\t\t<\/div>\n\t\t\t\t<\/div>\n\t\t\t\t\t<\/div>\n\t\t<\/div>\n\t\t\t\t<div class=\"elementor-column elementor-col-33 elementor-top-column elementor-element elementor-element-190ad1f\" data-id=\"190ad1f\" data-element_type=\"column\" data-e-type=\"column\">\n\t\t\t<div class=\"elementor-widget-wrap elementor-element-populated\">\n\t\t\t\t\t\t<div class=\"elementor-element elementor-element-bef6524 elementor-widget elementor-widget-image\" data-id=\"bef6524\" data-element_type=\"widget\" data-e-type=\"widget\" data-widget_type=\"image.default\">\n\t\t\t\t<div class=\"elementor-widget-container\">\n\t\t\t\t\t\t\t\t\t\t\t\t\t\t\t<img loading=\"lazy\" decoding=\"async\" width=\"570\" height=\"380\" src=\"https:\/\/hoteldomleopoldo.com.br\/wp-content\/uploads\/2024\/09\/WhatsApp-Image-2024-09-23-at-17.24.50.jpeg\" class=\"elementor-animation-grow attachment-full size-full wp-image-522\" alt=\"\" srcset=\"https:\/\/hoteldomleopoldo.com.br\/wp-content\/uploads\/2024\/09\/WhatsApp-Image-2024-09-23-at-17.24.50.jpeg 570w, https:\/\/hoteldomleopoldo.com.br\/wp-content\/uploads\/2024\/09\/WhatsApp-Image-2024-09-23-at-17.24.50-300x200.jpeg 300w\" sizes=\"auto, (max-width: 570px) 100vw, 570px\" \/>\t\t\t\t\t\t\t\t\t\t\t\t\t\t\t<\/div>\n\t\t\t\t<\/div>\n\t\t\t\t<div class=\"elementor-element elementor-element-eeed809 elementor-widget elementor-widget-text-editor\" data-id=\"eeed809\" data-element_type=\"widget\" data-e-type=\"widget\" data-widget_type=\"text-editor.default\">\n\t\t\t\t<div class=\"elementor-widget-container\">\n\t\t\t\t\t\t\t\t\t<p><span style=\"color: #333333; font-family: arial, helvetica, sans-serif; letter-spacing: 0.3px;\">O Hotel Dom Leopoldo oferece uma excelente op\u00e7\u00e3o\u00a0para a realiza\u00e7\u00e3o de seus eventos sociais, a Sala Maria El\u00edzia \u00e9 super vers\u00e1til, perfeita para uma pequena recep\u00e7\u00e3o, ou uma produtiva reuni\u00e3o de neg\u00f3cios. Temos a disposi\u00e7\u00e3o todo material \u00e1udio-visual, e nossa equipe est\u00e1 preparada para dar todo suporte. Promova sua pr\u00f3xima confer\u00eancia ou evento utilizando nosso espa\u00e7o<\/span><\/p>\t\t\t\t\t\t\t\t<\/div>\n\t\t\t\t<\/div>\n\t\t\t\t\t<\/div>\n\t\t<\/div>\n\t\t\t\t\t<\/div>\n\t\t<\/section>\n\t\t\t\t<\/div>\n\t\t","protected":false},"excerpt":{"rendered":"<p>Reuni\u00f5es, palestras, exposi\u00e7\u00f5es Confira Alguns Exemplos de organiza\u00e7\u00e3o da Sala O Hotel Dom Leopoldo oferece uma excelente op\u00e7\u00e3o\u00a0para a realiza\u00e7\u00e3o de seus eventos sociais, a Sala Maria El\u00edzia \u00e9 super vers\u00e1til, perfeita para uma pequena recep\u00e7\u00e3o, ou uma produtiva reuni\u00e3o de neg\u00f3cios. Temos a disposi\u00e7\u00e3o todo material \u00e1udio-visual, e nossa equipe est\u00e1 preparada para dar [&hellip;]<\/p>\n","protected":false},"author":6,"featured_media":0,"parent":0,"menu_order":0,"comment_status":"closed","ping_status":"closed","template":"elementor_header_footer","meta":{"_acf_changed":false,"footnotes":""},"class_list":["post-24","page","type-page","status-publish","hentry"],"acf":[],"_links":{"self":[{"href":"https:\/\/hoteldomleopoldo.com.br\/index.php?rest_route=\/wp\/v2\/pages\/24","targetHints":{"allow":["GET"]}}],"collection":[{"href":"https:\/\/hoteldomleopoldo.com.br\/index.php?rest_route=\/wp\/v2\/pages"}],"about":[{"href":"https:\/\/hoteldomleopoldo.com.br\/index.php?rest_route=\/wp\/v2\/types\/page"}],"author":[{"embeddable":true,"href":"https:\/\/hoteldomleopoldo.com.br\/index.php?rest_route=\/wp\/v2\/users\/6"}],"replies":[{"embeddable":true,"href":"https:\/\/hoteldomleopoldo.com.br\/index.php?rest_route=%2Fwp%2Fv2%2Fcomments&post=24"}],"version-history":[{"count":15,"href":"https:\/\/hoteldomleopoldo.com.br\/index.php?rest_route=\/wp\/v2\/pages\/24\/revisions"}],"predecessor-version":[{"id":545,"href":"https:\/\/hoteldomleopoldo.com.br\/index.php?rest_route=\/wp\/v2\/pages\/24\/revisions\/545"}],"wp:attachment":[{"href":"https:\/\/hoteldomleopoldo.com.br\/index.php?rest_route=%2Fwp%2Fv2%2Fmedia&parent=24"}],"curies":[{"name":"wp","href":"https:\/\/api.w.org\/{rel}","templated":true}]}}